-2*d. Suppose -3*q + 4*f + a = -0*f, -f - 9 = -q. What is the highest common divisor of 35 and q?
5
Let b be ((0 - -1)/2)/((-1)/(-44)). What is the greatest common divisor of b and 33?
11
Suppose -3*z = -0*z - 39. Let k be (24/(-9) + 2)*-3. Suppose k*v - 104 = -2*v. Calculate the greatest common divisor of z and v.
13
Let f be 4 + -1 - (-2)/(-2). Let i = 4 - f. Let s = 1 - -3. Calculate the highest common divisor of i and s.
2
Let d = -32 - -36. Calculate the greatest common divisor of d and 4.
4
Let p = 70 + -56. Calculate the greatest common factor of p and 126.
14
Let s = -5 - -5. Let n be (18 + -3)/(s + 1). Suppose -5*f - 370 = -5*k, f - 289 = -5*k + 87. What is the highest common divisor of k and n?
15
Let r = 5 - 10. Let a = r - -21. Let b = 5 + 3. What is the highest common factor of a and b?
8
Suppose -524 = -2*r + 4*u, -2*u = 8*r - 3*r - 1250. Suppose 24 = -4*j + 12*j. Suppose z - r = -j*z. Calculate the greatest common divisor of 7 and z.
7
Let w be -2 + 25 - (0 - -1). Let a be 8/12 + w/3. Let k = -54 - -94. What is the greatest common divisor of a and k?
8
Let l = 84 + -7. Calculate the highest common divisor of 22 and l.
11
Suppose -4*m + 21 = -2*m + 3*n, 0 = -m - 3*n + 18. Suppose 6*f = m*f - 126. Let r be 3/2*f/(-9). Calculate the greatest common divisor of r and 1.
1
Suppose -k + 3*k = 196. Let p = k + -41. Suppose -2*u + 36 = 2*n, -6*n - 4*u = -3*n - p. What is the highest common divisor of 105 and n?
15
Let o(d) = d**2 - 4*d. Let p be o(5). Suppose 8 = -2*v - 0*v, 0 = -3*y - 5*v - 5. Suppose p*t - y = 4*t. What is the greatest common factor of t and 45?
5
Let z(u) = u**3 + u**2 + 51. Let q be z(0). Calculate the greatest common factor of 17 and q.
17
Suppose -y + 6 - 3 = 3*q, 4*q = 3*y + 17. Suppose q*a = -0*a + 60. Suppose 3 = -3*j - 0, -5*c - 4*j + 71 = 0. What is the greatest common divisor of a and c?
15
Let d(f) = -2*f**3 - 8*f**2 + 5. Let o be d(-8). What is the greatest common factor of 47 and o?
47
Let p be (2 + (-30)/12)/(2/(-44)). Calculate the highest common divisor of 176 and p.
11
Let i be 2/(-8) + (-935)/(-44). What is the highest common factor of 63 and i?
21
Let d be 825/30*(-90)/(-25). Let z be (6/2)/((-1)/(-3)). What is the greatest common divisor of z and d?
9
Let n(x) = -x**2 + 12*x + 5. Let k be n(10). Let v be 6/9 + 84/9. Calculate the greatest common factor of v and k.
5
Suppose 0 = 17*f - 12*f - 20. Suppose 0 = f*t + 11 - 151. Calculate the highest common divisor of t and 7.
7
Let u(o) = 2*o**3 + 5 - o**3 - 10*o**2 - o + 2*o + o**2. Let w be u(9). Calculate the highest common factor of w and 98.
14
Suppose -3*p + 3*t = -12 - 21, -t = p - 1. Let j be (18/8)/(p/336). What is the greatest common factor of j and 14?
14
Let r be ((-14)/(-8))/(3/36). Calculate the greatest common factor of r and 7.
7
Let o = -196 + 286. Calculate the highest common divisor of o and 18.
18
Suppose 16 = 3*o - 44. Let c(j) = -3 + 3 - 2 + 11*j**2 - 6*j + 5*j. Let f be c(2). Calculate the highest common factor of f and o.
20
Suppose 4*a - 95 = -g, 2*a - a = 4*g - 448. What is the greatest common factor of g and 37?
37
Let h be (-10 + 11)/(1/7). Suppose -h*z = -8*z + 40. What is the greatest common factor of z and 8?
8
Suppose 0*h + h = 0. Let v = 2 - h. Calculate the highest common factor of v and 2.
2
Let c(b) = b**2 - b + 1. Let z be (-30)/(-8) - (-3)/(-4). Let s be c(z). What is the highest common divisor of 77 and s?
7
Suppose 7*a - 288 = 3*a. Let d = a + -17. Suppose -4*u = u - d. What is the highest common factor of 77 and u?
11
Let k(z) = -z**2 - 10*z + 12. Let s be k(-8). Let x = s - 0. Calculate the greatest common factor of x and 42.
14
Let q = 30 + -25. Calculate the highest common divisor of 1 and q.
1
Suppose 4*t - 4*f - 36 = 0, 4*t - 19 - 13 = 5*f. What is the greatest common divisor of t and 130?
13
Suppose -2*m + 4 = -0*m. Let j be (-3 + 0)/(m/(-78)). Suppose 0 = 3*n - 36 - 3. What is the greatest common factor of j and n?
13
Let s(o) = -4*o - 25. Let l be s(-10). Calculate the highest common factor of 30 and l.
15
Suppose -2*m + 4*b - 10 = -0*m, -b + 16 = 4*m. Suppose 0 = -3*k, m*k - 2*k + 55 = 5*t. Calculate the highest common divisor of 121 and t.
11
Let g be 14 - (3/3 + 2). Let n(v) = 9*v + 13. Let l be n(g). Calculate the highest common divisor of 14 and l.
14
Let n be 268/10 + (-1)/(-5) + 0. Suppose 0 = 2*v + v - 4*c + 11, 2*c - 10 = 0. Suppose -6 = -f + v. What is the highest common divisor of n and f?
9
Let r(l) = -l**2 - 18*l - 2. Let w be r(-16). What is the highest common divisor of w and 20?
10
Let l be (0/(-2))/(2 + -3). Suppose t + 1 = -u, -2*t = u - l*t + 2. Let y(g) = -g + 4. Let d be y(u). What is the highest common divisor of 36 and d?
4
Let p be ((-16)/(-12))/((-12)/(-9)). Calculate the highest common factor of p and 1.
1
Suppose 5*a - 8*a = -42. What is the greatest common divisor of 7 and a?
7
Let a(r) = -7*r - 6. Let o be a(-3). What is the greatest common factor of 135 and o?
15
Let d(z) = z**3 - z**2 + z + 4. Let a be d(3). Let j = 18 + -8. What is the highest common factor of a and j?
5
Let n = 142 + -69. Let y = n + 47. Suppose 4*s + 4*m - 38 = 2, m + 80 = 5*s. What is the greatest common factor of y and s?
15
Suppose -180 = -d - 4*d. Let h be 1/(4/d + 0). What is the greatest common factor of h and 1?
1
Let a(r) = -3 + 2*r + 1 - r + 6. Let g be a(2). Let l(w) = -w**3 + 7*w**2 + 4*w - 4. Let u be l(7). Calculate the greatest common divisor of g and u.
6
Let x = -42 + 26. Let y = x - -21. Suppose 0 = -4*c + 20, -14 - 26 = -4*d - 4*c. What is the highest common divisor of d and y?
5
Let r(b) = b**3 + 8*b**2 - b + 6. Let g be r(-6). Calculate the highest common divisor of 12 and g.
12
Let h(m) = 10*m**2 + 2*m + 4. Let g be h(-3). What is the greatest common divisor of g and 11?
11
Let j(m) = m**3 + 5*m**2 + 5*m + 1. Let u be j(-3). What is the highest common factor of u and 8?
4
Let q be ((40/6)/2)/(28/126). What is the highest common divisor of q and 5?
5
Let d(g) = -g**3 + 9*g**2 + 9*g + 4. Let v be d(10). Let k be (v/8)/(3/(-36)). Suppose 0 = -2*u + 7 + k. What is the greatest common divisor of 8 and u?
8
Let h = -38 + 103. Suppose 84 = 4*t - 4*s, s = -0*t - t + 31. What is the greatest common divisor of t and h?
13
Let f be 8 + 0 + 1 + 1. Let i = 5 + -7. Let r be 3/(3/i) - -4. Calculate the highest common divisor of r and f.
2
Suppose 5*d = -6 + 11. Let j(s) = 3*s**2 - s. Let q = 2 + -1. Let i be j(q). Calculate the highest common factor of i and d.
1
Let r be 12/(-8)*16*-1. Let t be 2/(-5) + (-2)/(-5). Suppose 0*y = 4*y + 8, t = 4*c - 3*y - 38. What is the greatest common factor of c and r?
8
Let p(h) = h**3 - 3*h**2 + 3*h - 1. Let b be p(3). Let r = 15 - b. Calculate the highest common divisor of 77 and r.
7
Let z be 21/28*(1 - -3). Let r = 73 + -49. Calculate the greatest common factor of r and z.
3
Let v = -69 + 23. Let m be 1 - v*1 - 2. Calculate the greatest common divisor of 18 and m.
9
Let k(i) = 3*i + 1. Let m be ((-6)/4)/(12/(-8)). Let r be k(m). What is the highest common divisor of r and 1?
1
Let a be 1 + 66/15 + 4/(-10). What is the greatest common factor of 80 and a?
5
Suppose -5*j - 5*o + 185 = 0, -48 - 59 = -3*j + o. Let f be (51 - -1) + -1 + -1. Let w = f - j. Calculate the highest common factor of w and 14.
14
Suppose 113 = 4*o + r - 0*r, -o + 4*r + 7 = 0. Let y(x) = x**2 - 3*x - 1. Let v be y(5). What is the greatest common factor of v and o?
9
Let h be (-2)/(-2) - (0 + 4). Let w be (-290)/(-3) - (-2)/h. Calculate the greatest common factor of w and 12.
12
Suppose 1978 = 11*g + 108. Calculate the greatest common divisor of 34 and g.
34
Let t(b) = -15 - b**2 + 8*b + 3*b**2 + 2*b**2 - 3*b**2. Let w be t(-11). Let o(f) = 5*f**2 - f + 3. Let p be o(3). What is the highest common factor of w and p?
9
Suppose -d = -5*i + 2*d + 12, 5*i = 5*d + 10. Let h = i + -1. Suppose o - h = -0*o. Calculate the highest common factor of 6 and o.
2
Let l = -927 - -1308. Suppose -l = -4*j + 259. Calculate the greatest common factor of 20 and j.
20
Let i(s) = s**3 - 3*s**2 + 3*s + 4. Let k = 15 + -12. Let w be i(k). Calculate the greatest common factor of 13 and w.
13
Suppose 32*q + 42 = 35*q. Calculate the highest common factor of 28 and q.
14
Suppose -v + 3*v - 10 = 0. Calculate the gre